{"id":418,"date":"2019-10-06T09:45:04","date_gmt":"2019-10-06T06:45:04","guid":{"rendered":"https:\/\/popjazz.fi\/PJKits\/basso\/?page_id=418"},"modified":"2021-11-29T13:42:25","modified_gmt":"2021-11-29T11:42:25","slug":"trilli-shake","status":"publish","type":"page","link":"https:\/\/popjazz.fi\/PJKits\/basso\/basso-oppimistavoitevideot\/instrumentin-hallinta\/trilli-shake\/","title":{"rendered":"Trilli &#038; Shake"},"content":{"rendered":"\n<p><strong>Trilli on musiikillinen koriste<\/strong>, joka tarkoittaa kahden vierekk\u00e4isen s\u00e4velen nopeaa vuorottelua kahdella sormella.  Nuotteihin trilli merkit\u00e4\u00e4n tavallisesti kirjaimilla <em>tr<\/em> sen nuotin yl\u00e4puolelle, johon trilli halutaan lis\u00e4t\u00e4. Merkitsemiseen k\u00e4ytet\u00e4\u00e4n joskus aaltoviivaa, jonka avulla voidaan ilmaista my\u00f6s kuinka kauan trillin tulisi kest\u00e4\u00e4. Jos muuta merkint\u00e4\u00e4 ei ole, trilliss\u00e4 vuorottelevat melodian s\u00e4vel ja sen yl\u00e4puolinen asteikon s\u00e4vel. Jos halutaan k\u00e4ytt\u00e4\u00e4 muuta s\u00e4velt\u00e4, merkit\u00e4\u00e4n se suluissa melodia\u00e4\u00e4nen viereen.<\/p>\n\n\n\n<p><strong>Shake<\/strong>, on trilli\u00e4 muistuttava musiikillinen koriste, joka tarkoittaa niin ik\u00e4\u00e4n kahden vierekk\u00e4isen s\u00e4velen nopeaa vuorottelua. Trillist\u00e4 poiketen shake tehd\u00e4\u00e4n yhdell\u00e4 sormella. Otelautak\u00e4den sormea liikutetaan virekk\u00e4isten \u00e4\u00e4nten v\u00e4lill\u00e4 nopeasti niin, ett\u00e4 sormi liukuu \u00e4\u00e4nten v\u00e4lill\u00e4 olevan nauhan yli, ja palaa takaisin.<br><br>Trilli ja shake tehd\u00e4\u00e4n l\u00e4hes poikkeuksetta otelautak\u00e4dell\u00e4 niin, ett\u00e4 ainoastaan ensimm\u00e4inen \u00e4\u00e4ni n\u00e4p\u00e4t\u00e4\u00e4n soimaan n\u00e4pp\u00e4\u00e4v\u00e4ll\u00e4 k\u00e4dell\u00e4 ja otelautak\u00e4den sormi\/sormet tekev\u00e4t vuorottelev\u00e4t \u00e4\u00e4net. <\/p>\n\n\n\n<p>Trilliss\u00e4 otelautak\u00e4den sormien liike muodostetaan samalla tavoin kuin <a href=\"https:\/\/popjazz.fi\/PJKits\/basso\/basso-oppimistavoitevideot\/instrumentin-hallinta\/vasarointi-hammer-on\/\">Hammer On<\/a> ja <a href=\"https:\/\/popjazz.fi\/PJKits\/basso\/basso-oppimistavoitevideot\/instrumentin-hallinta\/pull-off\/\">Pull-off<\/a> tekniikoissa.<\/p>\n\n\n\n<h4 class=\"wp-block-heading\">Video<\/h4>\n\n\n\n<figure class=\"wp-block-embed-vimeo wp-block-embed is-type-video is-provider-vimeo wp-embed-aspect-16-9 wp-has-aspect-ratio\"><div class=\"wp-block-embed__wrapper\">\nhttps:\/\/vimeo.com\/521763640\n<\/div><figcaption>Trillit bassolla<\/figcaption><\/figure>\n\n\n\n<p>Videon esimerkki nuotinnettuna<\/p>\n\n\n\n<figure class=\"wp-block-image size-large\"><img loading=\"lazy\" decoding=\"async\" width=\"1024\" height=\"140\" src=\"https:\/\/popjazz.fi\/PJKits\/basso\/wp-content\/uploads\/sites\/4\/2021\/03\/trillit-1024x140.png\" alt=\"\" class=\"wp-image-2646\" srcset=\"https:\/\/popjazz.fi\/PJKits\/basso\/wp-content\/uploads\/sites\/4\/2021\/03\/trillit-1024x140.png 1024w, https:\/\/popjazz.fi\/PJKits\/basso\/wp-content\/uploads\/sites\/4\/2021\/03\/trillit-300x41.png 300w, https:\/\/popjazz.fi\/PJKits\/basso\/wp-content\/uploads\/sites\/4\/2021\/03\/trillit-150x20.png 150w, https:\/\/popjazz.fi\/PJKits\/basso\/wp-content\/uploads\/sites\/4\/2021\/03\/trillit-768x105.png 768w, https:\/\/popjazz.fi\/PJKits\/basso\/wp-content\/uploads\/sites\/4\/2021\/03\/trillit-1536x210.png 1536w, https:\/\/popjazz.fi\/PJKits\/basso\/wp-content\/uploads\/sites\/4\/2021\/03\/trillit-2048x279.png 2048w, https:\/\/popjazz.fi\/PJKits\/basso\/wp-content\/uploads\/sites\/4\/2021\/03\/trillit-1200x164.png 1200w\" sizes=\"auto, (max-width: 709px) 85vw, (max-width: 909px) 67vw, (max-width: 1362px) 62vw, 840px\" \/><\/figure>\n\n\n\n<hr class=\"wp-block-separator\"\/>\n\n\n\n<p class=\"has-medium-font-size\">Katso my\u00f6s:<\/p>\n\n\n<style><\/style><div class=\"wplp_outside wplp_widget_1619\" style=\"max-width:100%;\"><span class=\"wpcu_block_title\">Trillit<\/span><div id=\"wplp_widget_1619\" class=\"wplp_widget_default wplp_container vertical swiper wplp-swiper default cols3\" data-theme=\"default\" data-post=\"1619\" style=\"\" data-max-elts=\"4\" data-per-page=\"10\"><div class=\"wplp_listposts swiper-wrapper\" id=\"default_1619\" style=\"width: 100%;\" ><div class=\"swiper-slide\" style=\"\"><div class=\"insideframe\"><div id=\"wplp_box_top_1619_420\" class=\"wpcu-front-box top equalHeightImg\" ><div class=\"wplp-box-item\"><a href=\"https:\/\/popjazz.fi\/PJKits\/basso\/basso-oppimistavoitevideot\/instrumentin-hallinta\/vasarointi-hammer-on\/\"  class=\"thumbnail\"><span class=\"img_cropper\" style=\"width:150px;height:150px;margin-right:4px;margin-bottom:4px;max-width:100%;\"><img decoding=\"async\" src=\"https:\/\/popjazz.fi\/PJKits\/basso\/wp-content\/uploads\/sites\/4\/2020\/02\/bs_ic_material_product_icon_192pxxxhdpi-150x150.png\" style=\"position: absolute;top: 50%;margin-top: -75px;aspect-ratio:4\/3;\" srcset=\"\" alt=\"Hammer-on \/ Pull-off\" class=\"wplp_thumb\" \/><\/span><\/a><a href=\"https:\/\/popjazz.fi\/PJKits\/basso\/basso-oppimistavoitevideot\/instrumentin-hallinta\/vasarointi-hammer-on\/\"  class=\"title\">Hammer-on \/ Pull-off<\/a><\/div><\/div><div id=\"wplp_box_left_1619_420\" class=\"wpcu-front-box left wpcu-custom-position\" ><div class=\"wplp-box-item\"><\/div><\/div><div id=\"wplp_box_right_1619_420\" class=\"wpcu-front-box right wpcu-custom-position\" ><div class=\"wplp-box-item\"><\/div><\/div><div id=\"wplp_box_bottom_1619_420\" class=\"wpcu-front-box bottom \" ><div class=\"wplp-box-item\"><span class=\"date\">6.10.2019<\/span><span class=\"text\"><span style=\"max-height:2.8em\" class=\"line_limit\">Hammer on, eli \u201dvasarointi\u201d, on tekniikka jossa sormi painetaan voimakkaasti otelautaa vasten, mik\u00e4 aiheuttaa kyseisell\u00e4 otelaudan nauhalla tai kohdalla sijaitsevan s\u00e4velen soimisen. Hammer on -tekniikalla soitettu \u00e4\u00e4ni liukuu haluttuun \u00e4\u00e4neen pehme\u00e4mmin ja ilman n\u00e4pp\u00e4\u00e4v\u00e4n k\u00e4den sormesta tulevaa kielen soittamisen \u00e4\u00e4nt\u00e4.\u00a0\n\n\n\nHammer on -tekniikka on tyypillisesti vibraton ja trillin kaltainen fraseerauksellinen koriste, jolla soittaja vaikuttaa kappaleeseen persoonallaan.\n\n\n\nVideo\n\n\n\n\n\nVasarointi (hammer-on)\n\n\n\nPull Off on k\u00e4yt\u00e4nn\u00f6ss\u00e4 Hammer On tekniikan vastakohta. Pull off tekniikassa soivasta \u00e4\u00e4nest\u00e4 poistutaan seuraavaan alapuolella olevaan \u00e4\u00e4neen vet\u00e4m\u00e4ll\u00e4 otelaudan sormi soivasta \u00e4\u00e4nest\u00e4 pois niin, ett\u00e4 kieli j\u00e4\u00e4 soimaan \u00e4\u00e4nen vaihtuessa seuraavaksi. Kuten Hammer On tekniikka, Pull off tekniikkaa k\u00e4ytet\u00e4\u00e4n useissa musiikkityyleiss\u00e4, mutta nuotteihin sit\u00e4 ei ole v\u00e4ltt\u00e4m\u00e4tt\u00e4 kirjoitettu.\n\n\n\nVideo\n\n\n\n\n\n\n\n\n\nVideon esimerkki nuotinnettuna\n\n\n\n\n\n\n\n\n\n\n\nKatso my\u00f6s:\n\n\n\n\n\n\n\n\n\n\n\nKatso my\u00f6s:<\/span><span style=\"margin-left:3px; max-height:2.8em\" class=\"line_limit\"> [...]<\/span><\/span><span class=\"custom_fields\">\n<!-- WPLP Unknown field: Custom_Fields -->\n<\/span><\/div><\/div><\/div><\/div><div class=\"swiper-slide\" style=\"\"><div class=\"insideframe\"><div id=\"wplp_box_top_1619_416\" class=\"wpcu-front-box top equalHeightImg\" ><div class=\"wplp-box-item\"><a href=\"https:\/\/popjazz.fi\/PJKits\/basso\/basso-oppimistavoitevideot\/instrumentin-hallinta\/vibrato\/\"  class=\"thumbnail\"><span class=\"img_cropper\" style=\"width:150px;height:150px;margin-right:4px;margin-bottom:4px;max-width:100%;\"><img decoding=\"async\" src=\"https:\/\/popjazz.fi\/PJKits\/basso\/wp-content\/uploads\/sites\/4\/2020\/02\/bs_ic_material_product_icon_192pxxxhdpi-150x150.png\" style=\"position: absolute;top: 50%;margin-top: -75px;aspect-ratio:4\/3;\" srcset=\"\" alt=\"Vibrato\" class=\"wplp_thumb\" \/><\/span><\/a><a href=\"https:\/\/popjazz.fi\/PJKits\/basso\/basso-oppimistavoitevideot\/instrumentin-hallinta\/vibrato\/\"  class=\"title\">Vibrato<\/a><\/div><\/div><div id=\"wplp_box_left_1619_416\" class=\"wpcu-front-box left wpcu-custom-position\" ><div class=\"wplp-box-item\"><\/div><\/div><div id=\"wplp_box_right_1619_416\" class=\"wpcu-front-box right wpcu-custom-position\" ><div class=\"wplp-box-item\"><\/div><\/div><div id=\"wplp_box_bottom_1619_416\" class=\"wpcu-front-box bottom \" ><div class=\"wplp-box-item\"><span class=\"date\">6.10.2019<\/span><span class=\"text\"><span style=\"max-height:2.8em\" class=\"line_limit\">Vibrato on musiikillinen tehokeino, jossa s\u00e4velen virett\u00e4 muunnellaan toistuvasti. Basson soitossa tyypillisi\u00e4 tapoja soittaa vibrato ovat muun muassa perinteinen sormella teht\u00e4v\u00e4 vibrato sek\u00e4 ranteella teht\u00e4v\u00e4 kielen huojuttaminen. \n\n\n\nVibraton toteuttamisesta on useita eri variaatioita ja kappaleeseen sopiva vibrato on muusikon henkil\u00f6kohtainen valinta perustuen muun muuassa tyylituntemukseen ja soittimen ominaisuuksiin.\n\n\n\nVirbrato merkit\u00e4\u00e4n nuotteihin sahareunaisena aaltoviivana\n\n\n\n\n\n\n\nVideo\n\n\n\n\n\n\n\n\n\n\n\n\n\nKatso my\u00f6s:<\/span><span style=\"margin-left:3px; max-height:2.8em\" class=\"line_limit\"> [...]<\/span><\/span><span class=\"custom_fields\">\n<!-- WPLP Unknown field: Custom_Fields -->\n<\/span><\/div><\/div><\/div><\/div><div class=\"swiper-slide\" style=\"\"><div class=\"insideframe\"><div id=\"wplp_box_top_1619_282\" class=\"wpcu-front-box top equalHeightImg\" ><div class=\"wplp-box-item\"><a href=\"https:\/\/popjazz.fi\/PJKits\/basso\/basso-oppimistavoitevideot\/instrumentin-hallinta\/oikean-ja-vasemman-kaden-koordinaatio\/\"  class=\"thumbnail\"><span class=\"img_cropper\" style=\"width:150px;height:150px;margin-right:4px;margin-bottom:4px;max-width:100%;\"><img decoding=\"async\" src=\"https:\/\/popjazz.fi\/PJKits\/basso\/wp-content\/uploads\/sites\/4\/2020\/02\/bs_ic_material_product_icon_192pxxxhdpi-150x150.png\" style=\"position: absolute;top: 50%;margin-top: -75px;aspect-ratio:4\/3;\" srcset=\"\" alt=\"Oikean ja vasemman k\u00e4den koordinaatio\" class=\"wplp_thumb\" \/><\/span><\/a><a href=\"https:\/\/popjazz.fi\/PJKits\/basso\/basso-oppimistavoitevideot\/instrumentin-hallinta\/oikean-ja-vasemman-kaden-koordinaatio\/\"  class=\"title\">Oikean ja vasemman k\u00e4den koordinaatio<\/a><\/div><\/div><div id=\"wplp_box_left_1619_282\" class=\"wpcu-front-box left wpcu-custom-position\" ><div class=\"wplp-box-item\"><\/div><\/div><div id=\"wplp_box_right_1619_282\" class=\"wpcu-front-box right wpcu-custom-position\" ><div class=\"wplp-box-item\"><\/div><\/div><div id=\"wplp_box_bottom_1619_282\" class=\"wpcu-front-box bottom \" ><div class=\"wplp-box-item\"><span class=\"date\">5.10.2019<\/span><span class=\"text\"><span style=\"max-height:2.8em\" class=\"line_limit\">Koordinaatio tarkoittaa sujuvaa ja tarkoituksenmukaista yhteistoimintaa. Bassonsoitossa t\u00e4m\u00e4 tarkoittaa vasemman ja oikean k\u00e4den yhteisty\u00f6t\u00e4.\n\n\n\nVideo\n\n\n\n\n\n\n\n\n\n\n\n\n\nKatso my\u00f6s:<\/span><span style=\"margin-left:3px; max-height:2.8em\" class=\"line_limit\"> [...]<\/span><\/span><span class=\"custom_fields\">\n<!-- WPLP Unknown field: Custom_Fields -->\n<\/span><\/div><\/div><\/div><\/div><div class=\"swiper-slide\" style=\"\"><div class=\"insideframe\"><div id=\"wplp_box_top_1619_278\" class=\"wpcu-front-box top equalHeightImg\" ><div class=\"wplp-box-item\"><a href=\"https:\/\/popjazz.fi\/PJKits\/basso\/basso-oppimistavoitevideot\/instrumentin-hallinta\/kielen-painaminen-sormenpaalla\/\"  class=\"thumbnail\"><span class=\"img_cropper\" style=\"width:150px;height:150px;margin-right:4px;margin-bottom:4px;max-width:100%;\"><img decoding=\"async\" src=\"https:\/\/popjazz.fi\/PJKits\/basso\/wp-content\/uploads\/sites\/4\/2020\/02\/bs_ic_material_product_icon_192pxxxhdpi-150x150.png\" style=\"position: absolute;top: 50%;margin-top: -75px;aspect-ratio:4\/3;\" srcset=\"\" alt=\"Kielen painaminen sormenp\u00e4\u00e4ll\u00e4\" class=\"wplp_thumb\" \/><\/span><\/a><a href=\"https:\/\/popjazz.fi\/PJKits\/basso\/basso-oppimistavoitevideot\/instrumentin-hallinta\/kielen-painaminen-sormenpaalla\/\"  class=\"title\">Kielen painaminen sormenp\u00e4\u00e4ll\u00e4<\/a><\/div><\/div><div id=\"wplp_box_left_1619_278\" class=\"wpcu-front-box left wpcu-custom-position\" ><div class=\"wplp-box-item\"><\/div><\/div><div id=\"wplp_box_right_1619_278\" class=\"wpcu-front-box right wpcu-custom-position\" ><div class=\"wplp-box-item\"><\/div><\/div><div id=\"wplp_box_bottom_1619_278\" class=\"wpcu-front-box bottom \" ><div class=\"wplp-box-item\"><span class=\"date\">5.10.2019<\/span><span class=\"text\"><span style=\"max-height:2.8em\" class=\"line_limit\">\u00c4\u00e4nen sointiin ja soiton ergonomisuuteen vaikuttavat monet asia, joista yksi on se, kuinka kieli painetaan otelautaa vasten.  Kun kieli painetaan otelautaan sormenp\u00e4\u00e4ll\u00e4, on k\u00e4den asento luonnollisesti auki, soundi kirkkaampi ja vire t\u00e4sm\u00e4llisempi. \n\n\n\nVideo\n\n\n\n\n\n\n\n\n\n\n\n\n\nKatso my\u00f6s:<\/span><span style=\"margin-left:3px; max-height:2.8em\" class=\"line_limit\"> [...]<\/span><\/span><span class=\"custom_fields\">\n<!-- WPLP Unknown field: Custom_Fields -->\n<\/span><\/div><\/div><\/div><\/div><\/div><div class=\"swiper-button-next\"><\/div><div class=\"swiper-button-prev\"><\/div><div class=\"swiper-pagination\"><\/div><\/div><\/div>\n","protected":false},"excerpt":{"rendered":"<p>Trilli on musiikillinen koriste, joka tarkoittaa kahden vierekk\u00e4isen s\u00e4velen nopeaa vuorottelua kahdella sormella. Nuotteihin trilli merkit\u00e4\u00e4n tavallisesti kirjaimilla tr sen nuotin yl\u00e4puolelle, johon trilli halutaan lis\u00e4t\u00e4. Merkitsemiseen k\u00e4ytet\u00e4\u00e4n joskus aaltoviivaa, jonka avulla voidaan ilmaista my\u00f6s kuinka kauan trillin tulisi kest\u00e4\u00e4. Jos muuta merkint\u00e4\u00e4 ei ole, trilliss\u00e4 vuorottelevat melodian s\u00e4vel ja sen yl\u00e4puolinen asteikon s\u00e4vel. Jos &hellip; <a href=\"https:\/\/popjazz.fi\/PJKits\/basso\/basso-oppimistavoitevideot\/instrumentin-hallinta\/kielen-painaminen-sormenpaalla\/\" class=\"more-link\">Jatka lukemista<span class=\"screen-reader-text\"> &#8221;Kielen painaminen sormenp\u00e4\u00e4ll\u00e4&#8221;<\/span><\/a><\/p>\n","protected":false},"author":1,"featured_media":1282,"parent":29,"menu_order":24,"comment_status":"closed","ping_status":"closed","template":"","meta":{"footnotes":""},"tags":[],"class_list":["post-418","page","type-page","status-publish","has-post-thumbnail","hentry"],"_links":{"self":[{"href":"https:\/\/popjazz.fi\/PJKits\/basso\/wp-json\/wp\/v2\/pages\/418","targetHints":{"allow":["GET"]}}],"collection":[{"href":"https:\/\/popjazz.fi\/PJKits\/basso\/wp-json\/wp\/v2\/pages"}],"about":[{"href":"https:\/\/popjazz.fi\/PJKits\/basso\/wp-json\/wp\/v2\/types\/page"}],"author":[{"embeddable":true,"href":"https:\/\/popjazz.fi\/PJKits\/basso\/wp-json\/wp\/v2\/users\/1"}],"replies":[{"embeddable":true,"href":"https:\/\/popjazz.fi\/PJKits\/basso\/wp-json\/wp\/v2\/comments?post=418"}],"version-history":[{"count":13,"href":"https:\/\/popjazz.fi\/PJKits\/basso\/wp-json\/wp\/v2\/pages\/418\/revisions"}],"predecessor-version":[{"id":3447,"href":"https:\/\/popjazz.fi\/PJKits\/basso\/wp-json\/wp\/v2\/pages\/418\/revisions\/3447"}],"up":[{"embeddable":true,"href":"https:\/\/popjazz.fi\/PJKits\/basso\/wp-json\/wp\/v2\/pages\/29"}],"wp:featuredmedia":[{"embeddable":true,"href":"https:\/\/popjazz.fi\/PJKits\/basso\/wp-json\/wp\/v2\/media\/1282"}],"wp:attachment":[{"href":"https:\/\/popjazz.fi\/PJKits\/basso\/wp-json\/wp\/v2\/media?parent=418"}],"wp:term":[{"taxonomy":"post_tag","embeddable":true,"href":"https:\/\/popjazz.fi\/PJKits\/basso\/wp-json\/wp\/v2\/tags?post=418"}],"curies":[{"name":"wp","href":"https:\/\/api.w.org\/{rel}","templated":true}]}}