{"id":55,"date":"2019-09-22T08:20:20","date_gmt":"2019-09-22T05:20:20","guid":{"rendered":"https:\/\/popjazz.fi\/PJKits\/basso\/?page_id=55"},"modified":"2020-04-09T13:00:14","modified_gmt":"2020-04-09T10:00:14","slug":"rytmi-ja-muotorakenteet","status":"publish","type":"page","link":"https:\/\/popjazz.fi\/PJKits\/basso\/basso-oppimistavoitevideot\/rytmi-ja-muotorakenteet\/","title":{"rendered":"Rytmi ja muotorakenteet"},"content":{"rendered":"\n<blockquote class=\"wp-block-quote is-layout-flow wp-block-quote-is-layout-flow\"><p><strong>Rytmi on rytmimusiikin t\u00e4rkein elementti ja yhdess\u00e4 soittamisen edellytys. Rytmi voi olla luonteeltaan tasajakoista tai kolmimuunteista,  edet\u00e4 tasaisesti (tietyss\u00e4 tempossa) tai kappaleen tunnelmaa ja tulkintaa mukaillen (rubato).<\/strong> <\/p><p><strong>Tasaisesti tietyss\u00e4 tempossa etenev\u00e4 kappale noudattaa yleens\u00e4 jotain tahtilajia (esim. 4\/4 , 3\/4, 12\/8). T\u00e4m\u00e4 tarkoittaa, ett\u00e4 yhden tahdin sis\u00e4ll\u00e4 on  tahtilajimerkinn\u00e4n mukainen m\u00e4\u00e4r\u00e4 iskuja jotka etenev\u00e4t <strong>sovitussa tempossa<\/strong>.<\/strong><\/p><p><strong>Muotorakenteet rytmitt\u00e4v\u00e4t kokonaista kappaletta. Tyypillisi\u00e4 muotorakenteita ovat mm. 12 tahdin blues -muotorakenne, sek\u00e4 A, B ja C -osiin (s\u00e4keist\u00f6, kertos\u00e4e ja v\u00e4liosa) jaetut kappaleet.  <\/strong><\/p><\/blockquote>\n","protected":false},"excerpt":{"rendered":"<p>Rytmi on rytmimusiikin t\u00e4rkein elementti ja yhdess\u00e4 soittamisen edellytys. Rytmi voi olla luonteeltaan tasajakoista tai kolmimuunteista, edet\u00e4 tasaisesti (tietyss\u00e4 tempossa) tai kappaleen tunnelmaa ja tulkintaa mukaillen (rubato). Tasaisesti tietyss\u00e4 tempossa etenev\u00e4 kappale noudattaa yleens\u00e4 jotain tahtilajia (esim. 4\/4 , 3\/4, 12\/8). T\u00e4m\u00e4 tarkoittaa, ett\u00e4 yhden tahdin sis\u00e4ll\u00e4 on tahtilajimerkinn\u00e4n mukainen m\u00e4\u00e4r\u00e4 iskuja jotka etenev\u00e4t sovitussa &hellip; <a href=\"https:\/\/popjazz.fi\/PJKits\/basso\/basso-oppimistavoitevideot\/rytmi-ja-muotorakenteet\/\" class=\"more-link\">Jatka lukemista<span class=\"screen-reader-text\"> &#8221;Rytmi ja muotorakenteet&#8221;<\/span><\/a><\/p>\n","protected":false},"author":1,"featured_media":1282,"parent":410,"menu_order":3,"comment_status":"closed","ping_status":"closed","template":"","meta":{"footnotes":""},"tags":[],"class_list":["post-55","page","type-page","status-publish","has-post-thumbnail","hentry"],"_links":{"self":[{"href":"https:\/\/popjazz.fi\/PJKits\/basso\/wp-json\/wp\/v2\/pages\/55","targetHints":{"allow":["GET"]}}],"collection":[{"href":"https:\/\/popjazz.fi\/PJKits\/basso\/wp-json\/wp\/v2\/pages"}],"about":[{"href":"https:\/\/popjazz.fi\/PJKits\/basso\/wp-json\/wp\/v2\/types\/page"}],"author":[{"embeddable":true,"href":"https:\/\/popjazz.fi\/PJKits\/basso\/wp-json\/wp\/v2\/users\/1"}],"replies":[{"embeddable":true,"href":"https:\/\/popjazz.fi\/PJKits\/basso\/wp-json\/wp\/v2\/comments?post=55"}],"version-history":[{"count":8,"href":"https:\/\/popjazz.fi\/PJKits\/basso\/wp-json\/wp\/v2\/pages\/55\/revisions"}],"predecessor-version":[{"id":1477,"href":"https:\/\/popjazz.fi\/PJKits\/basso\/wp-json\/wp\/v2\/pages\/55\/revisions\/1477"}],"up":[{"embeddable":true,"href":"https:\/\/popjazz.fi\/PJKits\/basso\/wp-json\/wp\/v2\/pages\/410"}],"wp:featuredmedia":[{"embeddable":true,"href":"https:\/\/popjazz.fi\/PJKits\/basso\/wp-json\/wp\/v2\/media\/1282"}],"wp:attachment":[{"href":"https:\/\/popjazz.fi\/PJKits\/basso\/wp-json\/wp\/v2\/media?parent=55"}],"wp:term":[{"taxonomy":"post_tag","embeddable":true,"href":"https:\/\/popjazz.fi\/PJKits\/basso\/wp-json\/wp\/v2\/tags?post=55"}],"curies":[{"name":"wp","href":"https:\/\/api.w.org\/{rel}","templated":true}]}}