{"id":67,"date":"2019-09-22T08:25:53","date_gmt":"2019-09-22T05:25:53","guid":{"rendered":"https:\/\/popjazz.fi\/PJKits\/basso\/?page_id=67"},"modified":"2020-04-01T09:57:36","modified_gmt":"2020-04-01T06:57:36","slug":"melodia-ja-improvisointi","status":"publish","type":"page","link":"https:\/\/popjazz.fi\/PJKits\/basso\/basso-oppimistavoitevideot\/melodia-ja-improvisointi\/","title":{"rendered":"Melodia ja improvisointi"},"content":{"rendered":"\n<blockquote class=\"wp-block-quote is-layout-flow wp-block-quote-is-layout-flow\"><p><strong>Melodia muodostuu yksitt\u00e4isist\u00e4 s\u00e4velist\u00e4 ja s\u00e4velkuluista. Valmiissa kappaleessa melodiat ovat valmiiksi etuk\u00e4teen p\u00e4\u00e4tettyj\u00e4, eli s\u00e4vellettyj\u00e4. <\/strong><\/p><p><strong>Improvisoinnissa muodostetaan melodioita esitt\u00e4mishetkess\u00e4 k\u00e4ytt\u00e4en hyv\u00e4ksi kappaleen harmoniaa ja rytmej\u00e4.  <\/strong><\/p><\/blockquote>\n","protected":false},"excerpt":{"rendered":"<p>Melodia muodostuu yksitt\u00e4isist\u00e4 s\u00e4velist\u00e4 ja s\u00e4velkuluista. Valmiissa kappaleessa melodiat ovat valmiiksi etuk\u00e4teen p\u00e4\u00e4tettyj\u00e4, eli s\u00e4vellettyj\u00e4. Improvisoinnissa muodostetaan melodioita esitt\u00e4mishetkess\u00e4 k\u00e4ytt\u00e4en hyv\u00e4ksi kappaleen harmoniaa ja rytmej\u00e4.<\/p>\n","protected":false},"author":1,"featured_media":0,"parent":410,"menu_order":4,"comment_status":"closed","ping_status":"closed","template":"","meta":{"footnotes":""},"tags":[],"class_list":["post-67","page","type-page","status-publish","hentry"],"_links":{"self":[{"href":"https:\/\/popjazz.fi\/PJKits\/basso\/wp-json\/wp\/v2\/pages\/67","targetHints":{"allow":["GET"]}}],"collection":[{"href":"https:\/\/popjazz.fi\/PJKits\/basso\/wp-json\/wp\/v2\/pages"}],"about":[{"href":"https:\/\/popjazz.fi\/PJKits\/basso\/wp-json\/wp\/v2\/types\/page"}],"author":[{"embeddable":true,"href":"https:\/\/popjazz.fi\/PJKits\/basso\/wp-json\/wp\/v2\/users\/1"}],"replies":[{"embeddable":true,"href":"https:\/\/popjazz.fi\/PJKits\/basso\/wp-json\/wp\/v2\/comments?post=67"}],"version-history":[{"count":6,"href":"https:\/\/popjazz.fi\/PJKits\/basso\/wp-json\/wp\/v2\/pages\/67\/revisions"}],"predecessor-version":[{"id":1476,"href":"https:\/\/popjazz.fi\/PJKits\/basso\/wp-json\/wp\/v2\/pages\/67\/revisions\/1476"}],"up":[{"embeddable":true,"href":"https:\/\/popjazz.fi\/PJKits\/basso\/wp-json\/wp\/v2\/pages\/410"}],"wp:attachment":[{"href":"https:\/\/popjazz.fi\/PJKits\/basso\/wp-json\/wp\/v2\/media?parent=67"}],"wp:term":[{"taxonomy":"post_tag","embeddable":true,"href":"https:\/\/popjazz.fi\/PJKits\/basso\/wp-json\/wp\/v2\/tags?post=67"}],"curies":[{"name":"wp","href":"https:\/\/api.w.org\/{rel}","templated":true}]}}