{"id":837,"date":"2020-01-20T07:32:57","date_gmt":"2020-01-20T05:32:57","guid":{"rendered":"https:\/\/popjazz.fi\/PJKits\/basso\/?page_id=837"},"modified":"2021-04-14T09:59:10","modified_gmt":"2021-04-14T06:59:10","slug":"kieltenvaihdot","status":"publish","type":"page","link":"https:\/\/popjazz.fi\/PJKits\/basso\/basso-oppimistavoitevideot\/instrumentin-hallinta\/kieltenvaihdot\/","title":{"rendered":"Kieltenvaihdot"},"content":{"rendered":"\n<p>Basson kielet ovat basson kuluvin osa ja vaativat vaihtamista aika-ajoin. Sopiva kielenvaihtov\u00e4li riippuu kuinka paljon bassolla soitetaan ja mink\u00e4laisissa olosuhteissa, sek\u00e4 my\u00f6s soundimieltymyksist\u00e4. Uusissa kieliss\u00e4 on aina selke\u00e4mpi ja puhtaampi diskantti, kun taas vanhat ja kuluneet kielet ovat &#8221;mutaisemman kuuloiset&#8221;, mik\u00e4 joissakin tapauksissa on jopa tavoiteltava soundi.<\/p>\n\n\n\n<p>Kielten vaihto aloitetaan irrottamalla vanhat kielet. Py\u00f6rit\u00e4 viritint\u00e4 kunnes kieli on riitt\u00e4v\u00e4n l\u00f6ys\u00e4, irrota kielen p\u00e4\u00e4 viritystapista ja ved\u00e4 kieli pois talan l\u00e4pi.<\/p>\n\n\n\n<p>Uusi kieli asennetaan p\u00e4invastaisessa j\u00e4rjestyksess\u00e4. <\/p>\n\n\n\n<p>Ty\u00f6nn\u00e4 uusi kieli tallan l\u00e4pi ja kaulan yli mahdollisimman suorana ja asettele kieli lep\u00e4\u00e4m\u00e4\u00e4n omalle paikalleen satulaan. Mik\u00e4li virityskoneiston yhteydess\u00e4 on ns. kielenohjaimia, joiden teht\u00e4v\u00e4 on &#8221;painaa&#8221; kielt\u00e4 satulaa ja kaulaa olemmaksi ennen virityskoneistoa, asettele kieli n\u00e4iden alle kun olet saanut siihen hieman kireytt\u00e4 virityskoneiston avulla.<\/p>\n\n\n\n<p>Kielet py\u00f6ritet\u00e4\u00e4n viritystappiin niin, ett\u00e4 kielen k\u00e4rki upotetaan sille varattuun paikkaan viritystapin keskell\u00e4 &#8211; mik\u00e4li sellainen on &#8211; ja viritystappia kierritet\u00e4\u00e4n niin, ett\u00e4 kieli kiertyy sen ymp\u00e4ri ylh\u00e4\u00e4lt\u00e4 alasp\u00e4in kerroksittain.<\/p>\n\n\n\n<p> Mik\u00e4li viritystapissa ei ole upotusaukkoa kielelle, tai kieli ei mahdu kietym\u00e4\u00e4n upotettuna kokonaan viritystapin ymp\u00e4rille, sille kannattaa j\u00e4tt\u00e4\u00e4 kuitenkin reilusti varaa viristystappiin kieritt\u00e4miselle ja mahdolliset ylim\u00e4\u00e4r\u00e4iset &#8221;h\u00e4nn\u00e4t&#8221; kannattaa katkais pois vasta kun kielet ovat varmasti kunnolla paikoillaan. Kieli tulisi olla mahdollisimman suoraan kaulan suuntainen, joten kierr\u00e4 kieli viritystapin ymp\u00e4rille niin, ett\u00e4 kielen ja kaulan suunta on mahdollisimman yhtenev\u00e4.<\/p>\n\n\n\n<p>Kirist\u00e4 kielet lopulliseen vireeseen vasta kun kaikki kielet ovat asennettu paikoilleen.<\/p>\n\n\n\n<h4 class=\"wp-block-heading\">Video<\/h4>\n\n\n\n<figure class=\"wp-block-embed-vimeo wp-block-embed is-type-video is-provider-vimeo wp-embed-aspect-16-9 wp-has-aspect-ratio\"><div class=\"wp-block-embed__wrapper\">\n<iframe loading=\"lazy\" src=\"https:\/\/player.vimeo.com\/video\/521917990?dnt=1&amp;app_id=122963\" width=\"840\" height=\"473\" frameborder=\"0\" allow=\"autoplay; fullscreen; picture-in-picture\" allowfullscreen><\/iframe>\n<\/div><figcaption>Kielen vaihtaminen bassoon<\/figcaption><\/figure>\n\n\n\n<hr class=\"wp-block-separator\"\/>\n\n\n\n<p class=\"has-medium-font-size\">Katso my\u00f6s:<\/p>\n\n\n<style><\/style><div class=\"wplp_outside wplp_widget_1638\" style=\"max-width:100%;\"><span class=\"wpcu_block_title\">Kieltenvaihdot<\/span><div id=\"wplp_widget_1638\" class=\"wplp_widget_default wplp_container vertical swiper wplp-swiper default cols3\" data-theme=\"default\" data-post=\"1638\" style=\"\" data-max-elts=\"2\" data-per-page=\"10\"><div class=\"wplp_listposts swiper-wrapper\" id=\"default_1638\" style=\"width: 100%;\" ><div class=\"swiper-slide\" style=\"\"><div class=\"insideframe\"><div id=\"wplp_box_top_1638_286\" class=\"wpcu-front-box top equalHeightImg\" ><div class=\"wplp-box-item\"><a href=\"https:\/\/popjazz.fi\/PJKits\/basso\/basso-oppimistavoitevideot\/instrumentin-hallinta\/virittaminen\/\"  class=\"thumbnail\"><span class=\"img_cropper\" style=\"width:150px;height:150px;margin-right:4px;margin-bottom:4px;max-width:100%;\"><img decoding=\"async\" src=\"https:\/\/popjazz.fi\/PJKits\/basso\/wp-content\/uploads\/sites\/4\/2020\/02\/bs_ic_material_product_icon_192pxxxhdpi-150x150.png\" style=\"position: absolute;top: 50%;margin-top: -75px;aspect-ratio:4\/3;\" srcset=\"\" alt=\"Viritt\u00e4minen\" class=\"wplp_thumb\" \/><\/span><\/a><a href=\"https:\/\/popjazz.fi\/PJKits\/basso\/basso-oppimistavoitevideot\/instrumentin-hallinta\/virittaminen\/\"  class=\"title\">Viritt\u00e4minen<\/a><\/div><\/div><div id=\"wplp_box_left_1638_286\" class=\"wpcu-front-box left wpcu-custom-position\" ><div class=\"wplp-box-item\"><\/div><\/div><div id=\"wplp_box_right_1638_286\" class=\"wpcu-front-box right wpcu-custom-position\" ><div class=\"wplp-box-item\"><\/div><\/div><div id=\"wplp_box_bottom_1638_286\" class=\"wpcu-front-box bottom \" ><div class=\"wplp-box-item\"><span class=\"date\">5.10.2019<\/span><span class=\"text\"><span style=\"max-height:2.8em\" class=\"line_limit\">Perinteinen nelikielisen basson vire paksuimmasta kielest\u00e4 ohuimpaan on E, A, D, G. Se vastaa normaalia kitaran nelj\u00e4n alimman kielen virett\u00e4 sill\u00e4 poikkeuksella, ett\u00e4 kielet soivat oktaavia alempaa. \n\n\n\nViritysmittari\n\n\n\nTarkin ja nopein tapa viritt\u00e4\u00e4 on viritysmittari. Varsinkin esiintymistilanteissa se on my\u00f6s yleis\u00f6yst\u00e4v\u00e4llisin ja huomaamattomin tapa. Viritysmittareita on usean mallisia, mutta toimintaperiaatteelta ne ovat samanlaisia. Soiva \u00e4\u00e4ni napataan mittariin joko mittarin omalla ulkoisella mikrofonilla tai instrumenttikaapelia pitkin. Mittari n\u00e4ytt\u00e4\u00e4 joko valoilla, viisarilla tai molemmilla mihin suuntaan kielt\u00e4 tulee viritt\u00e4\u00e4 ja milloin se on vireess\u00e4. \n\n\n\nHuilu\u00e4\u00e4niviritys\n\n\n\nMik\u00e4li viritysmittaria ei ole k\u00e4yt\u00f6ss\u00e4, yksi k\u00e4ytt\u00f6kelpoisimmista tavoista on viritt\u00e4\u00e4 k\u00e4ytt\u00e4en huilu\u00e4\u00e4ni\u00e4.\n\n\n\nHuilu\u00e4\u00e4nill\u00e4 viritt\u00e4misess\u00e4 ajatuksena on verrata vierekk\u00e4isilt\u00e4 kielilt\u00e4 soitettavia huilu\u00e4\u00e4ni\u00e4. S\u00e4\u00e4nt\u00f6 on, ett\u00e4 ohuemman kielen 7. nauhan kohdalta soitettu huilu\u00e4\u00e4ni t\u00e4ytyisi soida samassa vireess\u00e4 kuin paksumman kielen 5. nauhan kohdalta soitettu huilu\u00e4\u00e4ni\n\n\n\nVirit\u00e4 ensin esimerkiksi kahdennentoista nauhan huilu\u00e4\u00e4nell\u00e4 G-kieli oikeaan vireeseen k\u00e4ytt\u00e4en apuna jotakin tasavireist\u00e4 soitinta, esim. Pianoa, \u00e4\u00e4nirautaa, tuttua \u00e4\u00e4nitett\u00e4 tai soitinta, jonka tied\u00e4t olevan vireess\u00e4.\n\n\n\nG Kielen ollessa halutussa vireess\u00e4, soita huilu\u00e4\u00e4ni kyseisen kielen 7. nauhan kohdalta, sek\u00e4 viereisen paksumman kielen 5. nauhav\u00e4lin kohdalta. Jos yhdess\u00e4 soivat huilu\u00e4\u00e4net \u201dhuojuvat\u201d, virit\u00e4 paksumpaa kielt\u00e4 niin pitk\u00e4\u00e4n kunnes kuulet vain yhden tasaisen \u00e4\u00e4nen. \n\n\n\nToista sama juuri viritetyn kielen ja viereisen paksumman kielen kanssa soittamalla huilu\u00e4\u00e4ni juuri viritetyn kielen 7. nauhan ja paksumman kielen 5. nauhan kohdalta. \n\n\n\nToista sama kaikkien kielien kohdalla kunnes kaikki kielet ovat vireess\u00e4\n\n\n\nHuilu\u00e4\u00e4nten &#8221;huojunta&#8221; johtuu \u00e4\u00e4nen yl\u00e4s\u00e4velharmonioiden soidessa eri taajuuksilla. Jos viritt\u00e4ess\u00e4 huojunta tihenee, tapahtuu viritys v\u00e4\u00e4r\u00e4\u00e4n suuntaan. Jos huojunta harvenee, virityssuunta on oikea. Kun huojunta lakkaa kokonaan, on kieli vireess\u00e4.\n\n\n\n5. nauhav\u00e4lin \u00e4\u00e4nen vertaaminen.\n\n\n\nViritt\u00e4minen voidaan tehd\u00e4 my\u00f6s vertaamalla ohuempaa vapaata kielt\u00e4 ja paksumman kielen 5. nauhav\u00e4lin \u00e4\u00e4nt\u00e4\n\n\n\nVirit\u00e4 ainakin yksi kieli vireeseen k\u00e4ytt\u00e4en  apuna jotakin tasavireist\u00e4 soitinta, esim. Pianoa, \u00e4\u00e4nirautaa, tuttua \u00e4\u00e4nitett\u00e4 tai soitinta, jonka tied\u00e4t olevan vireess\u00e4. Esimerkiksi G.- kieli\n\n\n\nVertaile sen j\u00e4lkeen vireess\u00e4 olevaa G- kielt\u00e4 ja D- kielen 5. nauhav\u00e4lilt\u00e4 painettua \u00e4\u00e4nt\u00e4 kesken\u00e4\u00e4n soittamalla kielet yht\u00e4aikaa. Virit\u00e4 D -kielt\u00e4 niin pitk\u00e4\u00e4n kunnes \u00e4\u00e4nnet soivat yhdess\u00e4 samassa vireess\u00e4. \n\n\n\nToista sama kaikkien kielien kohdalla kunnes kaikki kielet ovat vireess\u00e4\n\n\n\nVideo\n\n\n\n\n\n\n\n\n\nVideon viritys huilu\u00e4\u00e4nill\u00e4 -esimerkki nuotein\n\n\n\n\n\n\n\n\n\n\n\nKatso my\u00f6s:<\/span><span style=\"margin-left:3px; max-height:2.8em\" class=\"line_limit\"> [...]<\/span><\/span><span class=\"custom_fields\">\n<!-- WPLP Unknown field: Custom_Fields -->\n<\/span><\/div><\/div><\/div><\/div><div class=\"swiper-slide\" style=\"\"><div class=\"insideframe\"><div id=\"wplp_box_top_1638_35\" class=\"wpcu-front-box top equalHeightImg\" ><div class=\"wplp-box-item\"><a href=\"https:\/\/popjazz.fi\/PJKits\/basso\/basso-oppimistavoitevideot\/instrumentin-hallinta\/vapaat-kielet\/\"  class=\"thumbnail\"><span class=\"img_cropper\" style=\"width:150px;height:150px;margin-right:4px;margin-bottom:4px;max-width:100%;\"><img decoding=\"async\" src=\"https:\/\/popjazz.fi\/PJKits\/basso\/wp-content\/uploads\/sites\/4\/2020\/02\/bs_ic_material_product_icon_192pxxxhdpi-150x150.png\" style=\"position: absolute;top: 50%;margin-top: -75px;aspect-ratio:4\/3;\" srcset=\"\" alt=\"Vapaat kielet\" class=\"wplp_thumb\" \/><\/span><\/a><a href=\"https:\/\/popjazz.fi\/PJKits\/basso\/basso-oppimistavoitevideot\/instrumentin-hallinta\/vapaat-kielet\/\"  class=\"title\">Vapaat kielet<\/a><\/div><\/div><div id=\"wplp_box_left_1638_35\" class=\"wpcu-front-box left wpcu-custom-position\" ><div class=\"wplp-box-item\"><\/div><\/div><div id=\"wplp_box_right_1638_35\" class=\"wpcu-front-box right wpcu-custom-position\" ><div class=\"wplp-box-item\"><\/div><\/div><div id=\"wplp_box_bottom_1638_35\" class=\"wpcu-front-box bottom \" ><div class=\"wplp-box-item\"><span class=\"date\">22.9.2019<\/span><span class=\"text\"><span style=\"max-height:2.8em\" class=\"line_limit\">Perinteinen s\u00e4hk\u00f6basso on nelj\u00e4kielinen. Basson ollessa normaalivireess\u00e4 vapaat kielet vastaavat kitaran nelj\u00e4\u00e4 alinta kielt\u00e4, mutta soivat oktaavia alemaa. \n\n\n\nNormaalivireisen\n\n\n\nnelj\u00e4kielisen basson vapaat kielet ovat E, A, D  ja Gviisikielisin basson vapaat kielet ovat B, E, A, D ja Gkuusikielisen basson vapaat kielet ovat B, E, A, D, G ja C\n\n\n\nVideo\n\n\n\n\n\n\n\n\n\n\n\n\n\nKatso my\u00f6s:<\/span><span style=\"margin-left:3px; max-height:2.8em\" class=\"line_limit\"> [...]<\/span><\/span><span class=\"custom_fields\">\n<!-- WPLP Unknown field: Custom_Fields -->\n<\/span><\/div><\/div><\/div><\/div><\/div><div class=\"swiper-button-next\"><\/div><div class=\"swiper-button-prev\"><\/div><div class=\"swiper-pagination\"><\/div><\/div><\/div>\n","protected":false},"excerpt":{"rendered":"<p>Basson kielet ovat basson kuluvin osa ja vaativat vaihtamista aika-ajoin. Sopiva kielenvaihtov\u00e4li riippuu kuinka paljon bassolla soitetaan ja mink\u00e4laisissa olosuhteissa, sek\u00e4 my\u00f6s soundimieltymyksist\u00e4. Uusissa kieliss\u00e4 on aina selke\u00e4mpi ja puhtaampi diskantti, kun taas vanhat ja kuluneet kielet ovat &#8221;mutaisemman kuuloiset&#8221;, mik\u00e4 joissakin tapauksissa on jopa tavoiteltava soundi. Kielten vaihto aloitetaan irrottamalla vanhat kielet. Py\u00f6rit\u00e4 viritint\u00e4 &hellip; <a href=\"https:\/\/popjazz.fi\/PJKits\/basso\/basso-oppimistavoitevideot\/instrumentin-hallinta\/vapaat-kielet\/\" class=\"more-link\">Jatka lukemista<span class=\"screen-reader-text\"> &#8221;Vapaat kielet&#8221;<\/span><\/a><\/p>\n","protected":false},"author":1,"featured_media":1282,"parent":29,"menu_order":33,"comment_status":"closed","ping_status":"closed","template":"","meta":{"footnotes":""},"tags":[],"class_list":["post-837","page","type-page","status-publish","has-post-thumbnail","hentry"],"_links":{"self":[{"href":"https:\/\/popjazz.fi\/PJKits\/basso\/wp-json\/wp\/v2\/pages\/837","targetHints":{"allow":["GET"]}}],"collection":[{"href":"https:\/\/popjazz.fi\/PJKits\/basso\/wp-json\/wp\/v2\/pages"}],"about":[{"href":"https:\/\/popjazz.fi\/PJKits\/basso\/wp-json\/wp\/v2\/types\/page"}],"author":[{"embeddable":true,"href":"https:\/\/popjazz.fi\/PJKits\/basso\/wp-json\/wp\/v2\/users\/1"}],"replies":[{"embeddable":true,"href":"https:\/\/popjazz.fi\/PJKits\/basso\/wp-json\/wp\/v2\/comments?post=837"}],"version-history":[{"count":9,"href":"https:\/\/popjazz.fi\/PJKits\/basso\/wp-json\/wp\/v2\/pages\/837\/revisions"}],"predecessor-version":[{"id":3320,"href":"https:\/\/popjazz.fi\/PJKits\/basso\/wp-json\/wp\/v2\/pages\/837\/revisions\/3320"}],"up":[{"embeddable":true,"href":"https:\/\/popjazz.fi\/PJKits\/basso\/wp-json\/wp\/v2\/pages\/29"}],"wp:featuredmedia":[{"embeddable":true,"href":"https:\/\/popjazz.fi\/PJKits\/basso\/wp-json\/wp\/v2\/media\/1282"}],"wp:attachment":[{"href":"https:\/\/popjazz.fi\/PJKits\/basso\/wp-json\/wp\/v2\/media?parent=837"}],"wp:term":[{"taxonomy":"post_tag","embeddable":true,"href":"https:\/\/popjazz.fi\/PJKits\/basso\/wp-json\/wp\/v2\/tags?post=837"}],"curies":[{"name":"wp","href":"https:\/\/api.w.org\/{rel}","templated":true}]}}