{"id":934,"date":"2020-01-20T10:27:16","date_gmt":"2020-01-20T08:27:16","guid":{"rendered":"https:\/\/popjazz.fi\/PJKits\/basso\/?page_id=934"},"modified":"2021-04-06T10:47:32","modified_gmt":"2021-04-06T07:47:32","slug":"harmoninen-duuri-ja-sen-v-ja-iii-moodi-vahintaan-kaksi-oktaavia","status":"publish","type":"page","link":"https:\/\/popjazz.fi\/PJKits\/basso\/basso-oppimistavoitevideot\/harmonia\/harmoninen-duuri-ja-sen-v-ja-iii-moodi-vahintaan-kaksi-oktaavia\/","title":{"rendered":"Harmoninen duuri ja sen V- ja III-moodi v\u00e4hint\u00e4\u00e4n kaksi oktaavia"},"content":{"rendered":"<p><!--StartFragment--><\/p>\n<p><!--StartFragment--><\/p>\n<p><!--StartFragment--><\/p>\n\n\n<p><strong>Harmoninen duuri<\/strong> (engl. harmonic major) on intervallirakenteeltaan kuten duuri, jonka kuudes s\u00e4vel on alennettu.<\/p>\n\n\n\n<p>Harmonisen duurin intervallirakenne on siis 1, 2, 3, 4, 5, b6 ja 7.<\/p>\n\n\n\n<p>S\u00e4velest\u00e4 C alkava harmoninen duuri on nimelt\u00e4\u00e4n C-harmoninen duuri.<\/p>\n\n\n\n<figure class=\"wp-block-image size-large\"><img loading=\"lazy\" decoding=\"async\" width=\"1024\" height=\"156\" src=\"https:\/\/popjazz.fi\/PJKits\/basso\/wp-content\/uploads\/sites\/4\/2021\/03\/harmoninenduuri-1024x156.png\" alt=\"\" class=\"wp-image-3020\" srcset=\"https:\/\/popjazz.fi\/PJKits\/basso\/wp-content\/uploads\/sites\/4\/2021\/03\/harmoninenduuri-1024x156.png 1024w, https:\/\/popjazz.fi\/PJKits\/basso\/wp-content\/uploads\/sites\/4\/2021\/03\/harmoninenduuri-300x46.png 300w, https:\/\/popjazz.fi\/PJKits\/basso\/wp-content\/uploads\/sites\/4\/2021\/03\/harmoninenduuri-150x23.png 150w, https:\/\/popjazz.fi\/PJKits\/basso\/wp-content\/uploads\/sites\/4\/2021\/03\/harmoninenduuri-768x117.png 768w, https:\/\/popjazz.fi\/PJKits\/basso\/wp-content\/uploads\/sites\/4\/2021\/03\/harmoninenduuri-1536x234.png 1536w, https:\/\/popjazz.fi\/PJKits\/basso\/wp-content\/uploads\/sites\/4\/2021\/03\/harmoninenduuri-2048x312.png 2048w, https:\/\/popjazz.fi\/PJKits\/basso\/wp-content\/uploads\/sites\/4\/2021\/03\/harmoninenduuri-1200x183.png 1200w\" sizes=\"auto, (max-width: 709px) 85vw, (max-width: 909px) 67vw, (max-width: 1362px) 62vw, 840px\" \/><\/figure>\n\n\n\n<p>Harmoniselle duurille l\u00e4heisin nelisointu on perusduurisointu Cmaj7.<\/p>\n\n\n\n<p>Harmoninen duuri sis\u00e4lt\u00e4\u00e4 maj7-soinnun lis\u00e4s\u00e4velen 9:n. Sointumerkki t\u00e4lle soinnulle lis\u00e4s\u00e4velineen on Cmaj9.<\/p>\n\n\n\n<p>Harmonisen duurin s\u00e4vel 4 ja b6 eiv\u00e4t ole perusduurisoinnun s\u00e4veli\u00e4 eiv\u00e4tk\u00e4&nbsp; sen lis\u00e4s\u00e4veli\u00e4. N\u00e4it\u00e4 s\u00e4veli\u00e4 kannattaa melodiankirjoituksessa ja improvisoinnissa v\u00e4ltt\u00e4\u00e4 pitkin\u00e4 iskullisina s\u00e4velin\u00e4.<\/p>\n\n\n\n<hr class=\"wp-block-separator\"\/>\n\n\n\n<p><strong>Harmonisen duurin III moodi<\/strong> on duuris\u00e4vyinen moodi.<\/p>\n\n\n\n<p>Harmonisen duurin III moodin intervallirakenne on 1, b2, #2 3, 5, b6 ja b7.<\/p>\n\n\n\n<p>S\u00e4velest\u00e4 C alkava harmonisen duurin kolmas moodi on nimelt\u00e4\u00e4n C-harmonisen duurin III moodi.<\/p>\n\n\n\n<figure class=\"wp-block-image size-large\"><img loading=\"lazy\" decoding=\"async\" width=\"1024\" height=\"134\" src=\"https:\/\/popjazz.fi\/PJKits\/basso\/wp-content\/uploads\/sites\/4\/2021\/03\/harmoninenduuri-3moodi-1024x134.png\" alt=\"\" class=\"wp-image-3022\" srcset=\"https:\/\/popjazz.fi\/PJKits\/basso\/wp-content\/uploads\/sites\/4\/2021\/03\/harmoninenduuri-3moodi-1024x134.png 1024w, https:\/\/popjazz.fi\/PJKits\/basso\/wp-content\/uploads\/sites\/4\/2021\/03\/harmoninenduuri-3moodi-300x39.png 300w, https:\/\/popjazz.fi\/PJKits\/basso\/wp-content\/uploads\/sites\/4\/2021\/03\/harmoninenduuri-3moodi-150x20.png 150w, https:\/\/popjazz.fi\/PJKits\/basso\/wp-content\/uploads\/sites\/4\/2021\/03\/harmoninenduuri-3moodi-768x101.png 768w, https:\/\/popjazz.fi\/PJKits\/basso\/wp-content\/uploads\/sites\/4\/2021\/03\/harmoninenduuri-3moodi-1536x201.png 1536w, https:\/\/popjazz.fi\/PJKits\/basso\/wp-content\/uploads\/sites\/4\/2021\/03\/harmoninenduuri-3moodi-2048x268.png 2048w, https:\/\/popjazz.fi\/PJKits\/basso\/wp-content\/uploads\/sites\/4\/2021\/03\/harmoninenduuri-3moodi-1200x157.png 1200w\" sizes=\"auto, (max-width: 709px) 85vw, (max-width: 909px) 67vw, (max-width: 1362px) 62vw, 840px\" \/><\/figure>\n\n\n\n<p>C-harmonisen duurin kolmannelle moodille l\u00e4heisin nelisointu on dominanttiseptimisointu, C7.<\/p>\n\n\n\n<p>Harmonisen duurin kolmas moodi sis\u00e4lt\u00e4\u00e4 dominanttiseptimisoinnun lis\u00e4s\u00e4velet b9:n #9. Reaalisointumerkint\u00e4 t\u00e4lle soinnulle lis\u00e4s\u00e4velineen on C7b9 tai C7#9.<\/p>\n\n\n\n<p>Harmonisen duurin kolmannen moodin s\u00e4vel b6 ei ole nelisoinnun s\u00e4vel eik\u00e4 sen lis\u00e4s\u00e4vel. T\u00e4t\u00e4 s\u00e4velt\u00e4 kannattaa melodiankirjoituksessa ja improvisoinnissa v\u00e4ltt\u00e4\u00e4 pitk\u00e4n\u00e4 iskullisisena s\u00e4velen\u00e4.<\/p>\n\n\n\n<hr class=\"wp-block-separator\"\/>\n\n\n\n<p><strong>Harmonisen duurin 5.moodin<\/strong> intervallirakenne on 1, b2, 3, 4, 5, 6 ja b7.<\/p>\n\n\n\n<p>S\u00e4velest\u00e4 C alkava harmonisen duurin viides moodi on nimelt\u00e4\u00e4n C-harmonisen duurin 5.moodi.<\/p>\n\n\n\n<figure class=\"wp-block-image size-large\"><img loading=\"lazy\" decoding=\"async\" width=\"1024\" height=\"134\" src=\"https:\/\/popjazz.fi\/PJKits\/basso\/wp-content\/uploads\/sites\/4\/2021\/03\/harmoninenduuri-5moodi-1024x134.png\" alt=\"\" class=\"wp-image-3023\" srcset=\"https:\/\/popjazz.fi\/PJKits\/basso\/wp-content\/uploads\/sites\/4\/2021\/03\/harmoninenduuri-5moodi-1024x134.png 1024w, https:\/\/popjazz.fi\/PJKits\/basso\/wp-content\/uploads\/sites\/4\/2021\/03\/harmoninenduuri-5moodi-300x39.png 300w, https:\/\/popjazz.fi\/PJKits\/basso\/wp-content\/uploads\/sites\/4\/2021\/03\/harmoninenduuri-5moodi-150x20.png 150w, https:\/\/popjazz.fi\/PJKits\/basso\/wp-content\/uploads\/sites\/4\/2021\/03\/harmoninenduuri-5moodi-768x100.png 768w, https:\/\/popjazz.fi\/PJKits\/basso\/wp-content\/uploads\/sites\/4\/2021\/03\/harmoninenduuri-5moodi-1536x201.png 1536w, https:\/\/popjazz.fi\/PJKits\/basso\/wp-content\/uploads\/sites\/4\/2021\/03\/harmoninenduuri-5moodi-2048x267.png 2048w, https:\/\/popjazz.fi\/PJKits\/basso\/wp-content\/uploads\/sites\/4\/2021\/03\/harmoninenduuri-5moodi-1200x157.png 1200w\" sizes=\"auto, (max-width: 709px) 85vw, (max-width: 909px) 67vw, (max-width: 1362px) 62vw, 840px\" \/><\/figure>\n\n\n\n<p><\/p>\n\n\n\n<p>C-harmonisen duurin viidennelle moodille l\u00e4heisin nelisointu on dominanttiseptimisointu, C7.<\/p>\n\n\n\n<p>Harmonisen duurin viidennen moodin s\u00e4vel 4 ei ole nelisoinnun s\u00e4vel eik\u00e4 sen lis\u00e4s\u00e4vel. T\u00e4t\u00e4 s\u00e4velt\u00e4 kannattaa melodiankirjoituksessa ja improvisoinnissa v\u00e4ltt\u00e4\u00e4 pitk\u00e4n\u00e4 iskullisisena s\u00e4velen\u00e4.<\/p>\n\n\n\n<hr class=\"wp-block-separator\"\/>\n\n\n\n<p class=\"has-medium-font-size\">Katso my\u00f6s:<\/p>\n\n\n<style><\/style><div class=\"wplp_outside wplp_widget_1843\" style=\"max-width:100%;\"><span class=\"wpcu_block_title\">Harmoninen duuri ja sen V- ja III-moodi<\/span><div id=\"wplp_widget_1843\" class=\"wplp_widget_default wplp_container vertical swiper wplp-swiper default cols3\" data-theme=\"default\" data-post=\"1843\" style=\"\" data-max-elts=\"3\" data-per-page=\"10\"><div class=\"wplp_listposts swiper-wrapper\" id=\"default_1843\" style=\"width: 100%;\" ><div class=\"swiper-slide\" style=\"\"><div class=\"insideframe\"><div id=\"wplp_box_top_1843_932\" class=\"wpcu-front-box top equalHeightImg\" ><div class=\"wplp-box-item\"><a href=\"https:\/\/popjazz.fi\/PJKits\/basso\/basso-oppimistavoitevideot\/harmonia\/lokrinen-2\/\"  class=\"thumbnail\"><span class=\"img_cropper\" style=\"width:150px;height:150px;margin-right:4px;margin-bottom:4px;max-width:100%;\"><img decoding=\"async\" src=\"https:\/\/popjazz.fi\/PJKits\/basso\/wp-content\/uploads\/sites\/4\/2020\/02\/bs_ic_material_product_icon_192pxxxhdpi-150x150.png\" style=\"position: absolute;top: 50%;margin-top: -75px;aspect-ratio:4\/3;\" srcset=\"\" alt=\"Lokrinen-#2\" class=\"wplp_thumb\" \/><\/span><\/a><a href=\"https:\/\/popjazz.fi\/PJKits\/basso\/basso-oppimistavoitevideot\/harmonia\/lokrinen-2\/\"  class=\"title\">Lokrinen-#2<\/a><\/div><\/div><div id=\"wplp_box_left_1843_932\" class=\"wpcu-front-box left wpcu-custom-position\" ><div class=\"wplp-box-item\"><\/div><\/div><div id=\"wplp_box_right_1843_932\" class=\"wpcu-front-box right wpcu-custom-position\" ><div class=\"wplp-box-item\"><\/div><\/div><div id=\"wplp_box_bottom_1843_932\" class=\"wpcu-front-box bottom \" ><div class=\"wplp-box-item\"><span class=\"date\">20.1.2020<\/span><span class=\"text\"><span style=\"max-height:2.8em\" class=\"line_limit\">Lokrinen #2 (engl. locrian sharp 2 tai locrian natural 2) on jazzmollin VI moodi. Se on mollis\u00e4vyinen moodi ja intervallirakenteeltaan kuten luonnollinen molli, jonka 5. s\u00e4vel on alennettu. Asteikon nimi lokrinen #2 ilmaisee, miten asteikko poikkeaa duurin VII asteen moodista lokrisesta,\n\n\n\nLokrinen #2 -asteikon intervallirakenne on siis 1,2,b3,4,b5,b6,b7\n\n\n\nS\u00e4velest\u00e4 C alkava lokrinen #2 asteikko on nimelt\u00e4\u00e4n C-lokrinen #2.\n\n\n\n\n\n\n\nC-lokrinen #2 -asteikolle l\u00e4heisin nelisointu on molliseptimisointu, jossa on v\u00e4hennetty kvintti, Cm7b5.\n\n\n\nLokrinen #2 -asteikko sis\u00e4lt\u00e4\u00e4 m7b5-soinnun kaikki mahdolliset lis\u00e4s\u00e4velet 9:n, 11:n ja b13:n. Reaalisointumerkint\u00e4 t\u00e4lle soinnulle lis\u00e4s\u00e4velineen on Cm11b5(b13).\n\n\n\nVideo\n\n\n\n\n\n\n\nLokrinen #2  III ja V -moodit muodostuvat k\u00e4ytt\u00e4en samoja s\u00e4veli\u00e4 kuin pohja-aseteikkonsa (Lokrinen #2), mutta alkaen sen kolmanesta tai viidennest\u00e4 s\u00e4velest\u00e4. Samalla ne ovat my\u00f6s jazzmolliasteikon moodeja:\n\n\n\nLokrinen #2 III moodi = jazzmollin I moodi, eli jazzmolliLokrinen #2 V moodi = jazzmollin III moodi\n\n\n\nJoissain yhteyksiss\u00e4 n\u00e4ist\u00e4 asteikoissa on kuitenkin k\u00e4ytetty itsen\u00e4isi\u00e4 nimityksi\u00e4 Lokrinen #2 asteikon mukaan.\n\n\n\n\n\n\n\nKatso my\u00f6s:<\/span><span style=\"margin-left:3px; max-height:2.8em\" class=\"line_limit\"> [...]<\/span><\/span><span class=\"custom_fields\">\n<!-- WPLP Unknown field: Custom_Fields -->\n<\/span><\/div><\/div><\/div><\/div><div class=\"swiper-slide\" style=\"\"><div class=\"insideframe\"><div id=\"wplp_box_top_1843_904\" class=\"wpcu-front-box top equalHeightImg\" ><div class=\"wplp-box-item\"><a href=\"https:\/\/popjazz.fi\/PJKits\/basso\/basso-oppimistavoitevideot\/harmonia\/kaikki-duuri-ja-molliasteikot-luonn-harm-melod-jazz-molli-vah-kaksi-oktaavia\/\"  class=\"thumbnail\"><span class=\"img_cropper\" style=\"width:150px;height:150px;margin-right:4px;margin-bottom:4px;max-width:100%;\"><img decoding=\"async\" src=\"https:\/\/popjazz.fi\/PJKits\/basso\/wp-content\/uploads\/sites\/4\/2020\/02\/bs_ic_material_product_icon_192pxxxhdpi-150x150.png\" style=\"position: absolute;top: 50%;margin-top: -75px;aspect-ratio:4\/3;\" srcset=\"\" alt=\"Kaikki duuri- ja molliasteikot (luonn., harm. melod. jazz- molli) v\u00e4h. kaksi oktaavia\" class=\"wplp_thumb\" \/><\/span><\/a><a href=\"https:\/\/popjazz.fi\/PJKits\/basso\/basso-oppimistavoitevideot\/harmonia\/kaikki-duuri-ja-molliasteikot-luonn-harm-melod-jazz-molli-vah-kaksi-oktaavia\/\"  class=\"title\">Kaikki duuri- ja molliasteikot (luonn., harm. melod. jazz- molli) v\u00e4h. kaksi oktaavia<\/a><\/div><\/div><div id=\"wplp_box_left_1843_904\" class=\"wpcu-front-box left wpcu-custom-position\" ><div class=\"wplp-box-item\"><\/div><\/div><div id=\"wplp_box_right_1843_904\" class=\"wpcu-front-box right wpcu-custom-position\" ><div class=\"wplp-box-item\"><\/div><\/div><div id=\"wplp_box_bottom_1843_904\" class=\"wpcu-front-box bottom \" ><div class=\"wplp-box-item\"><span class=\"date\">20.1.2020<\/span><span class=\"text\"><span style=\"max-height:2.8em\" class=\"line_limit\">Asteikkosoitossa oppii sormij\u00e4rjestyksen perusteet, jotka auttavat melodiasoitossa sek\u00e4 improvisoinnissa. Asteikoita harjoitellessa oppii siis \u201dreitit\u201d s\u00e4velist\u00e4 toisiin.\n\n\n\nL\u00f6yd\u00e4t alla olevasta karusellista linkit ja oppaat jokaiseen asteikkoon.\n\n\n\nVideo\n\n\n\n\n\nKaikki duuri- ja molliasteikot\n\n\n\n\n\n\n\nKatso my\u00f6s:<\/span><span style=\"margin-left:3px; max-height:2.8em\" class=\"line_limit\"> [...]<\/span><\/span><span class=\"custom_fields\">\n<!-- WPLP Unknown field: Custom_Fields -->\n<\/span><\/div><\/div><\/div><\/div><div class=\"swiper-slide\" style=\"\"><div class=\"insideframe\"><div id=\"wplp_box_top_1843_307\" class=\"wpcu-front-box top equalHeightImg\" ><div class=\"wplp-box-item\"><a href=\"https:\/\/popjazz.fi\/PJKits\/basso\/basso-oppimistavoitevideot\/harmonia\/duuriasteikko\/\"  class=\"thumbnail\"><span class=\"img_cropper\" style=\"width:150px;height:150px;margin-right:4px;margin-bottom:4px;max-width:100%;\"><img decoding=\"async\" src=\"https:\/\/popjazz.fi\/PJKits\/basso\/wp-content\/uploads\/sites\/4\/2020\/02\/bs_ic_material_product_icon_192pxxxhdpi-150x150.png\" style=\"position: absolute;top: 50%;margin-top: -75px;aspect-ratio:4\/3;\" srcset=\"\" alt=\"Duuriasteikko\" class=\"wplp_thumb\" \/><\/span><\/a><a href=\"https:\/\/popjazz.fi\/PJKits\/basso\/basso-oppimistavoitevideot\/harmonia\/duuriasteikko\/\"  class=\"title\">Duuriasteikko<\/a><\/div><\/div><div id=\"wplp_box_left_1843_307\" class=\"wpcu-front-box left wpcu-custom-position\" ><div class=\"wplp-box-item\"><\/div><\/div><div id=\"wplp_box_right_1843_307\" class=\"wpcu-front-box right wpcu-custom-position\" ><div class=\"wplp-box-item\"><\/div><\/div><div id=\"wplp_box_bottom_1843_307\" class=\"wpcu-front-box bottom \" ><div class=\"wplp-box-item\"><span class=\"date\">5.10.2019<\/span><span class=\"text\"><span style=\"max-height:2.8em\" class=\"line_limit\">Duuriasteikko muodostuu kun asteikon s\u00e4velten v\u00e4liset intervallit ovat kokos\u00e4vel-, kokos\u00e4vel-, puolis\u00e4vel-, kokos\u00e4vel-, kokos\u00e4vel-, kokos\u00e4vel- ja puolis\u00e4velaskel. \n\n\n\nEsimerkiksi C-duuriasteikon s\u00e4velet ovat: c, d, e, f, g, a ja b.\n\n\n\n\n\n\n\n\n\n\n\nKoska jokaisen duuriasteikon s\u00e4velten v\u00e4liset intervallit ovat identtiset, asteikoille kannattaa opetella yksi sormitus, joka toistuu kaikissa duuriasteikoissa samanlaisena. N\u00e4in duuriasteikon voi toistaa samanlaisena vaihtamalla asemaa kaulalla. \n\n\n\nTyypillisesti c -duuriasteikko soitetaan 2. asemasta, jolloin etusormi on 2. nauhavalill\u00e4, keskisormi 3. nauhav\u00e4lill\u00e4 jne.\n\n\n\nVideo\n\n\n\n\n\n\n\n\n\n\n\n\n\nKatso my\u00f6s:<\/span><span style=\"margin-left:3px; max-height:2.8em\" class=\"line_limit\"> [...]<\/span><\/span><span class=\"custom_fields\">\n<!-- WPLP Unknown field: Custom_Fields -->\n<\/span><\/div><\/div><\/div><\/div><\/div><div class=\"swiper-button-next\"><\/div><div class=\"swiper-button-prev\"><\/div><div class=\"swiper-pagination\"><\/div><\/div><\/div>\n","protected":false},"excerpt":{"rendered":"<p>Harmoninen duuri (engl. harmonic major) on intervallirakenteeltaan kuten duuri, jonka kuudes s\u00e4vel on alennettu. Harmonisen duurin intervallirakenne on siis 1, 2, 3, 4, 5, b6 ja 7. S\u00e4velest\u00e4 C alkava harmoninen duuri on nimelt\u00e4\u00e4n C-harmoninen duuri. Harmoniselle duurille l\u00e4heisin nelisointu on perusduurisointu Cmaj7. Harmoninen duuri sis\u00e4lt\u00e4\u00e4 maj7-soinnun lis\u00e4s\u00e4velen 9:n. Sointumerkki t\u00e4lle soinnulle lis\u00e4s\u00e4velineen on Cmaj9. &hellip; <a href=\"https:\/\/popjazz.fi\/PJKits\/basso\/basso-oppimistavoitevideot\/harmonia\/duuriasteikko\/\" class=\"more-link\">Jatka lukemista<span class=\"screen-reader-text\"> &#8221;Duuriasteikko&#8221;<\/span><\/a><\/p>\n","protected":false},"author":1,"featured_media":1282,"parent":43,"menu_order":50,"comment_status":"closed","ping_status":"closed","template":"","meta":{"footnotes":""},"tags":[],"class_list":["post-934","page","type-page","status-publish","has-post-thumbnail","hentry"],"_links":{"self":[{"href":"https:\/\/popjazz.fi\/PJKits\/basso\/wp-json\/wp\/v2\/pages\/934","targetHints":{"allow":["GET"]}}],"collection":[{"href":"https:\/\/popjazz.fi\/PJKits\/basso\/wp-json\/wp\/v2\/pages"}],"about":[{"href":"https:\/\/popjazz.fi\/PJKits\/basso\/wp-json\/wp\/v2\/types\/page"}],"author":[{"embeddable":true,"href":"https:\/\/popjazz.fi\/PJKits\/basso\/wp-json\/wp\/v2\/users\/1"}],"replies":[{"embeddable":true,"href":"https:\/\/popjazz.fi\/PJKits\/basso\/wp-json\/wp\/v2\/comments?post=934"}],"version-history":[{"count":7,"href":"https:\/\/popjazz.fi\/PJKits\/basso\/wp-json\/wp\/v2\/pages\/934\/revisions"}],"predecessor-version":[{"id":3144,"href":"https:\/\/popjazz.fi\/PJKits\/basso\/wp-json\/wp\/v2\/pages\/934\/revisions\/3144"}],"up":[{"embeddable":true,"href":"https:\/\/popjazz.fi\/PJKits\/basso\/wp-json\/wp\/v2\/pages\/43"}],"wp:featuredmedia":[{"embeddable":true,"href":"https:\/\/popjazz.fi\/PJKits\/basso\/wp-json\/wp\/v2\/media\/1282"}],"wp:attachment":[{"href":"https:\/\/popjazz.fi\/PJKits\/basso\/wp-json\/wp\/v2\/media?parent=934"}],"wp:term":[{"taxonomy":"post_tag","embeddable":true,"href":"https:\/\/popjazz.fi\/PJKits\/basso\/wp-json\/wp\/v2\/tags?post=934"}],"curies":[{"name":"wp","href":"https:\/\/api.w.org\/{rel}","templated":true}]}}